+ 2*v + 40. Suppose 149 = -x + 3*x + 3*r, -q*r - v = 0. Calculate the remainder when x is divided by 28.
26
Let c = 98 + 739. Calculate the remainder when c is divided by 12.
9
Let s = -1144 + 1148. What is the remainder when 2/(-3) - (-41)/3 is divided by s?
1
Let w be -2 - ((0 - 3) + -71). Suppose 3*u = -w + 285. Calculate the remainder when u is divided by 12.
11
Suppose c + 5*q - 55 = 0, 7*c - 6*c - q = 37. What is the remainder when 196 is divided by c?
36
Calculate the remainder when 998 is divided by 600/54*135/30.
48
Let n = 2903 - 2901. Calculate the remainder when 12 is divided by n.
0
Suppose 0 = -15*g + 38*g - 2323. Calculate the remainder when g is divided by 7.
3
Let b(q) = 2*q**2 - 22*q + 145. Calculate the remainder when b(13) is divided by 20.
17
Let g be ((-4)/7)/(30/(-4305)). Let r(z) = z - 1. Let l be r(5). Suppose 3*m - 3*d - 58 = -d, -l*d + g = 5*m. Calculate the remainder when m is divided by 7.
4
Let l be 54/6*(2 - 3). Let i = l + 39. What is the remainder when i is divided by 9?
3
Let c = -1148 - -1209. What is the remainder when 106 is divided by c?
45
Let u(x) = 8*x**2 + x + 3. Let t(s) = 6*s**2 + 2*s + 4. What is the remainder when t(3) is divided by u(-2)?
31
Let m = 138 + 3. Suppose -131 = -5*f + 2*q + 29, -m = -4*f - q. What is the remainder when f is divided by 9?
7
Suppose 0 = 10*f + f - 418. Let q(o) = 8. Let i(x) = x + 9. Let m(g) = 2*i(g) - 3*q(g). What is the remainder when f is divided by m(8)?
8
Suppose 0 = 4*s - 5*k - 169, 59*s = 56*s - 4*k + 119. Calculate the remainder when 572 is divided by s.
39
Let v = 53 + 20. Let a(w) = 31*w + 27. Calculate the remainder when a(0) is divided by (-2)/(-5) + v/5.
12
Let t(a) = 8*a**2 + 6*a - 70. What is the remainder when t(6) is divided by 17?
16
Let q(w) be the first derivative of 5*w**3/3 + 3*w**2/2 + 3*w - 1. Let u = -1011 - -1021. Calculate the remainder when q(-3) is divided by u.
9
Suppose k - 11 = -3*w, 216*k = 213*k + 3*w + 21. What is the remainder when 119 is divided by k?
7
Suppose 7*g - 682 + 108 = 0. Let w = 98 - g. What is the remainder when 63 + (-1 - 1) + 1 is divided by w?
14
Let i(b) = b**3 - 15*b**2 + 3*b - 7. Suppose -4*r + 53 = -3*r. Suppose -2*o + r = 2*o - a, -2*a - 15 = -o. Calculate the remainder when i(15) is divided by o.
12
Let b(p) = 2*p**2 + 5*p + 3. Let v be b(-3). Suppose 3*q = 15, -3*g + 2*q = -q - v. Calculate the remainder when (14/7)/(8/72) is divided by g.
4
Let b = -3 + 18. Calculate the remainder when 117 is divided by b.
12
Suppose 1031 = -34*d + 3105. What is the remainder when 192 is divided by d?
9
Suppose -x - 13 = -45. Let r = -19 + x. Suppose -12 = 4*k, -12 = -0*g - g + k. What is the remainder when r is divided by g?
4
What is the remainder when 73 is divided by (-98)/(-4) + (-8)/(-16)?
23
Suppose 0 = -4*d + 24 + 8. Suppose -d*t + 5*t - 6 = 0. What is the remainder when t/3 + (-920)/(-30) is divided by 16?
14
Let v be 12*(-2)/4*4. What is the remainder when ((-18)/v)/(3/60) is divided by 26/4 - 1/2?
3
Suppose 4*w = 2*o - 330 - 252, -w - 1419 = -5*o. What is the remainder when o is divided by 48?
43
Let c(k) = 15*k. Let t = -61 + 85. What is the remainder when c(3) is divided by t?
21
Suppose -4 + 0 = 4*j. Let v(a) = -a**2 + 7*a + 13. What is the remainder when v(7) is divided by (2 + j)*1*4?
1
Suppose 4*y = -5*f - 0*y + 84, -32 = -2*f - 2*y. What is the remainder when 55 is divided by f?
15
Let k = -519 - -554. Calculate the remainder when 207 is divided by k.
32
Calculate the remainder when -2*((-1)/3)/((-24)/(-252)) is divided by 2.
1
Let t(h) be the first derivative of h**3/3 - 2*h**2 - 15*h - 1. Calculate the remainder when 15 is divided by t(7).
3
Let i(h) = 5*h**3 + 9*h**2 + 6*h - 26. Let x(g) = -g**3. Let d(l) = i(l) + 6*x(l). What is the remainder when 138 is divided by d(9)?
26
Suppose 2*f + 41 = 3*v, -44 = -3*v + 4*f + f. Suppose 4*c + 98 = -3*c. Calculate the remainder when c/3*(-180)/35 is divided by v.
11
Suppose h = -4*y + 2192, -y - 95*h + 529 = -90*h. What is the remainder when y is divided by 55?
54
Suppose 2*j + 4 = 0, 4*i - j = -4*j + 4498. What is the remainder when i is divided by 24?
22
Let d(l) = -7*l + 269. Calculate the remainder when d(27) is divided by 28.
24
Suppose 0 = 2*w + w - 5*u - 305, 3*w + 5*u = 265. Suppose 5*y - 20 = 0, -2*d - 11 + 71 = -y. What is the remainder when w is divided by d?
31
Suppose 3*p = 10*p - 70. Let c = p + 4. Calculate the remainder when 55 is divided by c.
13
Suppose 72*t + 13 = 73*t. Calculate the remainder when 57 is divided by t.
5
Suppose -197 = -2*y - 2*s - 35, 0 = -y - 5*s + 73. What is the remainder when y is divided by 25?
8
Let d(p) = p + 1. Suppose b = 4*b + 18. Let z(y) = 5*y + 15. Let c(t) = b*d(t) + z(t). Calculate the remainder when 71 is divided by c(-9).
17
Let r be (34/15 - (-8)/20)*-3. Let t(k) = -k**2 - 10*k - 12. Calculate the remainder when 17 is divided by t(r).
1
Suppose -5*h + 40 = 3*q, -22 = 4*q - 4*h - 54. What is the remainder when q is divided by 6?
4
Suppose -12 = -3*a + 3*s, 4*a + s + 4*s - 34 = 0. What is the remainder when 4/6*462/11 is divided by a?
4
Let j = -478 - -479. What is the remainder when 24 is divided by j?
0
Suppose 5*g = -2*p + 1, 6*g = -2*p + 3*g + 3. Suppose p*o = 6*o - 18. Let s = 6 - -5. What is the remainder when s is divided by o?
5
Suppose -2*h + 24 = -32. Calculate the remainder when h is divided by (-4316)/(-415) - ((-18)/(-10))/(-3).
6
Calculate the remainder when -11 + 2 + (66 - 6) is divided by 14.
9
Let k be 176/12*18/4. Suppose v + 4*w - 13 = 57, -3*w + k = v. Calculate the remainder when v is divided by 20.
14
Let l(m) = -8*m**3 + 4*m**3 + 4*m**3 + m**3 - 15*m - 8 + 12*m**2. What is the remainder when l(-13) is divided by 11?
7
Let z(y) = -6 + 8 - 3*y - 3. Let h be z(2). What is the remainder when (-1 - h)/((-12)/(-56)) is divided by 10?
8
Let b = 702 - 399. Calculate the remainder when b is divided by 18.
15
Let w be (5*(-9)/(-30))/(4/24). Let u be (5/4)/((-2)/(-24)). Let q = u - w. Calculate the remainder when q is divided by 2.
0
Let x = -457 + 499. What is the remainder when 1382 is divided by x?
38
Let j = -21 - -6. Let a(m) = m**2 + 14*m + 9. What is the remainder when 70 is divided by a(j)?
22
Let j(n) = 7*n + 6. Let w be j(3). Suppose 31*q - 20 = w*q. Suppose -3*y - 75 = -5*b - 272, -q*y = -b - 343. Calculate the remainder when y is divided by 24.
21
Let a = 438 + -271. What is the remainder when a is divided by 57?
53
Let s be (3/(-9))/((-2)/84). Let i = -8 + s. Let j = 19 - i. Calculate the remainder when 24 is divided by j.
11
Suppose k = w + 8, 0 = -23*k + 28*k + 5*w. What is the remainder when 119 is divided by k?
3
Suppose -z + 95 = -0*t + 2*t, 3*t - 143 = -2*z. Suppose 0 = b + 3*j - 2*j - 11, 3*b - 5*j = 49. Calculate the remainder when t is divided by b.
8
Let n(d) = 9*d + 1. What is the remainder when 1343 is divided by n(7)?
63
Suppose h - 27 = -3. Let g = 1 + 1. Suppose 5*f = 3*k - 292, g*k + 3*f - 88 = k. What is the remainder when k is divided by h?
22
Let p be (-342)/(9/21*(-21)/6). Suppose p = -8*h + 14*h. What is the remainder when h is divided by 10/(5 + -2 + -2)?
8
Suppose 3*b - 8*b + 75 = 3*v, 0 = 3*v. Suppose 27 = 18*t - b*t. What is the remainder when 40 is divided by t?
4
Let b = -142 - -282. Let t = -71 + b. Suppose 5*w - r - 76 = -5*r, t = 4*w - 5*r. What is the remainder when 59 is divided by w?
11
Let c be 22/(-6)*(44 - -1). Let i be (-2)/(-4) + c/(-10). Let o = i - 14. What is the remainder when 8 is divided by o?
2
Suppose 5 = -2*s - u - 12, -5*u - 49 = 4*s. Let r(i) = i**2 + 2*i - 3. What is the remainder when 102 is divided by r(s)?
18
Let c = 110 + -101. Calculate the remainder when 210/c - (-10)/15 is divided by 13.
11
Suppose 35 = -2*w - 2*w + 3*y, 2*w = y - 15. Calculate the remainder when 77 is divided by -3 - (1 + -1 - (14 - w)).
13
Let c = 403 - 165. What is the remainder when c is divided by 60?
58
Suppose 0 = -2*s + t + 113, 0 = 4*s - t - 273 + 50. What is the remainder when s is divided by 15?
10
Suppose j + 21 = 2*l, 0*l = l - 5*j - 15. Suppose l*q = 29*q - 1121. Let o = 21 - 6. What is the remainder when q is divided by o?
14
Suppose -z - 32 = 10. Let t = z + 52. What is the remainder when t is divided by 3?
1
Let h(t) = -5*t - 2. Let p(w) = -18*w**